- 4663*b + 351. Calculate v(5).
-239
Let p(i) = 86*i**2 - 3287*i + 9687. Determine p(35).
-8
Let w(c) = -20055*c - 3389278. What is w(-169)?
17
Let l(d) = 2693*d + 721476. Give l(-268).
-248
Let r(g) = 5*g**3 + 128*g**2 + 103*g - 154. What is r(-25)?
-854
Let z(a) = 365*a**2 + 18168*a + 81708. Determine z(-5).
-7
Let q(v) = -240*v**3 + 8*v**2 - 51*v + 60. Give q(2).
-1930
Let g(u) = -69833*u - 210084. Determine g(-3).
-585
Let c(v) = 13*v**2 + 526*v + 824. What is c(-39)?
83
Let n(y) = -2975*y + 106164. Give n(36).
-936
Let v(m) = -9*m**2 + 1086*m - 400. Give v(121).
-763
Let d(x) = 415*x - 62564. What is d(151)?
101
Let a(o) = -3*o**3 - 207*o**2 + 1832*o + 24. Give a(8).
-104
Let n(t) = -476*t**2 - 996*t - 81. Determine n(-2).
7
Let c(d) = -2*d**2 + 56*d + 304. Determine c(35).
-186
Let m(n) = -n**3 - 167*n**2 + 537*n + 4080. Determine m(-170).
-510
Let o(w) = 565*w + 114666. Determine o(-203).
-29
Let v(d) = -2015*d - 46293. What is v(-23)?
52
Let v(r) = 35*r**2 + 658*r + 1396. Give v(-16).
-172
Let m(g) = g**3 - 8*g**2 - 57*g - 559. Give m(15).
161
Let v(k) = 3565*k + 125263. Determine v(-35).
488
Let a(c) = -8148*c + 342226. Give a(42).
10
Let f(j) = -8*j**3 - 223*j**2 - 709*j - 3346. What is f(-25)?
4
Let l(y) = -y**3 - 345*y**2 - 1282*y + 27926. Determine l(-341).
-36
Let d(g) = 546*g + 190548. Determine d(-349).
-6
Let v(k) = k**2 + 469*k + 24156. Give v(-59).
-34
Let o(v) = -v**3 + 50*v**2 + 730*v - 3422. Calculate o(61).
177
Let t(h) = 338*h - 10389. What is t(34)?
1103
Let n(y) = 15*y**3 - 61*y**2 - 1375*y + 5528. Determine n(4).
12
Let v(p) = -11*p**2 + 106*p + 337. Give v(13).
-144
Let n(u) = -294*u + 15287. Give n(52).
-1
Let w(y) = 50308*y + 301889. Determine w(-6).
41
Let o(i) = -i**3 + 41*i**2 - 242*i + 10. What is o(36)?
-2222
Let k(v) = 33355*v + 466714. Determine k(-14).
-256
Let k(x) = -1835*x - 5236. Determine k(-3).
269
Let x(v) = -152376*v - 6704542. Give x(-44).
2
Let i(m) = m**3 + 37*m**2 + 380*m + 798. What is i(-20)?
-2
Let h(k) = -89*k - 4128. Determine h(-46).
-34
Let t(d) = 1439*d**3 - 230241*d**2 + 156*d + 634. Determine t(160).
-6
Let v(p) = p**2 - 356. What is v(24)?
220
Let a(x) = 4*x**2 + 4242*x + 614176. Give a(-173).
26
Let g(p) = 20*p**3 + 8581*p**2 + 422*p - 2999. Determine g(-429).
4
Let n(a) = 26*a**2 + 27272*a - 54549. What is n(2)?
99
Let s(p) = p**2 - 456*p + 16492. Calculate s(416).
-148
Let u(g) = 1470*g + 17690. Give u(-12).
50
Let f(t) = -73055*t + 1314984. Give f(18).
-6
Let g(o) = -2475*o + 27138. Determine g(11).
-87
Let w(i) = -26*i**3 + 200*i**2 - 352*i + 17. Determine w(5).
7
Let s(u) = -106*u + 1325. Calculate s(0).
1325
Let b(q) = 15149*q + 181761. Calculate b(-12).
-27
Let m(q) = 3522*q - 11141. Determine m(3).
-575
Let m(f) = 166*f**2 + 4242*f - 21239. Give m(5).
4121
Let q(h) = h**2 + 61*h - 269. Determine q(4).
-9
Let q(k) = 3*k**3 - 110*k**2 + 73*k - 12. What is q(36)?
24
Let d(v) = 141479*v - 282957. Give d(2).
1
Let r(p) = -16443*p - 82168. Calculate r(-5).
47
Let i(m) = -m**3 + 35*m**2 - 375*m + 10206. What is i(33)?
9
Let p(k) = 2*k**2 + 60672*k + 667141. Determine p(-11).
-9
Let c(p) = -p**3 + 647*p**2 - 3828*p + 30. Give c(6).
138
Let d(a) = -2*a**3 + 293*a**2 + 6847*a - 21. Give d(167).
-21
Let a(v) = v**3 + 78*v**2 - 2047*v + 3162. What is a(-99)?
-6
Let i(g) = -g**3 - 139*g**2 - 696*g - 592. Give i(-134).
2892
Let y(u) = -u**3 - 23*u**2 - 19*u - 480. Calculate y(-17).
-1891
Let n(v) = 2*v**2 - 23*v + 355. Determine n(42).
2917
Let w(r) = -r**2 - 261*r + 51142. What is w(130)?
312
Let l(c) = 40*c**2 + 2857*c + 5709. Give l(-2).
155
Let i(q) = 2*q**3 + 29*q**2 + 215*q + 309. Give i(-5).
-291
Let j(u) = 13*u**3 - 3577*u**2 + 548*u + 748. What is j(275)?
198
Let r(i) = 53*i**3 + 2068*i**2 - 522*i - 21883. Calculate r(-39).
-4
Let l(g) = 1654153*g + 11579070. What is l(-7)?
-1
Let f(g) = -4*g**2 + 1569*g - 153063. Calculate f(182).
-1
Let j(x) = 18580*x + 297285. What is j(-16)?
5
Let m(j) = 651*j + 2610. Calculate m(-4).
6
Let k(r) = -188*r + 44173. Calculate k(235).
-7
Let r(h) = 448*h + 1353. Determine r(-3).
9
Let z(p) = -137*p**2 + 1758*p - 2782. What is z(11)?
-21
Let w(i) = -88*i**2 + 11713*i - 172. Determine w(133).
1025
Let f(y) = y**3 + 151*y**2 - 21700*y + 889. Give f(90).
-11
Let v(z) = 63*z**2 - 31*z - 6. Calculate v(3).
468
Let g(t) = t**2 - 132*t + 3592. Calculate g(76).
-664
Let i(d) = -2*d**3 + 414*d**2 + 942*d - 22159. Determine i(209).
-5
Let u(v) = v**3 + 127*v**2 + 132*v + 860. Determine u(-126).
104
Let t(l) = 808*l + 12913. What is t(-17)?
-823
Let z(y) = 42171*y - 28043718. What is z(665)?
-3
Let r(o) = 25*o**2 - 3501*o + 3502. Determine r(1).
26
Let f(x) = 847*x - 35522. What is f(42)?
52
Let v(x) = 4*x**2 + 545*x + 13822. What is v(-33)?
193
Let p(i) = -373*i**2 - 41*i - 75. Give p(-2).
-1485
Let d(t) = t**2 + 192*t + 525. Give d(-22).
-3215
Let u(w) = -12106*w - 230030. Calculate u(-19).
-16
Let c(f) = 4*f**2 - 320*f - 21701. Give c(124).
123
Let p(i) = -11048*i + 143635. What is p(13)?
11
Let u(z) = -z**3 - 974*z**2 - 21900*z - 25685. Give u(-951).
-8
Let u(w) = -5*w**3 + 117*w**2 + 263*w - 1569. Determine u(25).
6
Let m(n) = -35*n**3 + 1157*n**2 - 63*n - 76. What is m(33)?
23
Let i(j) = -72*j + 1824. Determine i(27).
-120
Let s(f) = -f**2 + 35*f + 35600. Give s(-172).
-4
Let r(i) = -118*i - 30286. What is r(-256)?
-78
Let n(a) = 844*a + 90295. What is n(-107)?
-13
Let f(w) = 6*w**2 - 432*w + 7895. Calculate f(38).
143
Let k(r) = -r**2 + 1771*r - 635394. Calculate k(500).
106
Let y(h) = h**2 + 6957*h - 584324. What is y(83)?
-4
Let v(u) = 1012*u + 6607. What is v(-6)?
535
Let z(v) = 234*v + 37491. Calculate z(-162).
-417
Let s(a) = -36*a**3 - 673*a**2 + 226*a + 324. Calculate s(-19).
1
Let q(g) = -g**2 - 50*g - 220. Calculate q(-28).
396
Let c(n) = -928*n + 128753. Calculate c(139).
-239
Let s(d) = 2080*d + 811064. What is s(-390)?
-136
Let n(d) = 5*d**2 + 88*d - 602. Give n(5).
-37
Let j(o) = -13896*o - 99387. Give j(-7).
-2115
Let q(w) = w**3 - 34*w**2 + 133*w - 7. Give q(30).
383
Let k(z) = -z**3 - 5*z**2 + 1548*z - 4593. Give k(3).
-21
Let q(g) = 2*g**3 + 2*g**2 + 161*g - 196. Determine q(0).
-196
Let d(l) = -27*l**3 - 2*l**2 + 649*l + 650. Give d(-1).
26
Let j(y) = -2*y**3 + 5*y**2 - 1181*y - 3552. Determine j(-3).
90
Let q(y) = 4919*y - 68980. What is q(14)?
-114
Let u(n) = 78076*n - 3981871. Give u(51).
5
Let b(q) = 22*q**3 + 108*q**2 - 15*q - 7. Calculate b(-5).
18
Let m(q) = 4*q**3 + 127*q**2 + 217*q + 218. Calculate m(-30).
8
Let o(v) = -2*v**3 + 184*v**2 - 3159*v - 48. What is o(23)?
297
Let x(a) = a**2 - 322*a - 37674. Calculate x(-91).
-91
Let z(g) = -34*g**2 + 16443*g + 6268. Determine z(484).
-24
Let u(r) = 2*r**3 + 696*r**2 - 513*r + 64575. Calculate u(-349).
10
Let i(v) = -21*v + 1112. Calculate i(53).
-1
Let l(p) = -708*p - 91298. Give l(-129).
34
Let o(x) = x**2 - 5769*x - 168144. Calculate o(-29).
-2
Let g(c) = -74889*c - 524175. Calculate g(-7).
48
Let i(l) = -423*l**2 + 79530*l - 293. Calculate i(188).
835
Let u(j) = -j**2 + 152*j + 4150. Give u(-26).
-478
Let g(o) = 60762*o + 6744565. Give g(-111).
-17
Let b(c) = -c**3 + 143*c**2 + 4456*c - 3625. What is b(-27)?
-7
Let y(b) = -b**2 + 5*b + 128. Determine y(-10).
-22
Let o(x) = -487*x + 58179. What is o(112)?
3635
Let u(t) = -t**3 + 37*t**2 - 1056*t + 34468. What is u(35)?
-42
Let w(n) = -2*n**2 + 1121*n + 50618. Give w(-42).
8
Let z(p) = 3*p**2 + 1001*p - 982705. What is z(-763)?
39
Let o(j) = 3492*j + 10469. Determine o(-3).
-7
Let s(v) = -974*v**2 - 893156*v + 1847. Calculate s(-917).
13
Let p(b) = -13624*b + 23310663. Calculate p(1711).
-1
Let f(d) = d**2 + 18963*d - 284906. Give f(15).
-236
Let l(f) = -3*f**2 + 75*f + 8126. Give l(64).
638
Let y(q) = 4052*q - 24296. Determine y(6).
16
Let j(b) = 3965*b - 67693. What is j(18)?
3677
Let q(j) = -j**2 + 20*j + 5074. Give q(-62).
-10
Let o(q) = 9*q - 515. Determine o(-41).
-884
Let k(u) = u**3 + u**2 - 815*u - 6162. Give k(-8).
-90
Let z(n) = 93*n**3 + 3*n**2 - 314*n + 312. Determine z(1).
94
Let g(d) = 2*d**2 + 1010*d + 47987. Determine g(-53).
75
Let i(b) = -433*b + 8539. Give i(24).
-1853
Let q(d) = -4*d**2 - 2763*d + 2754. What is q(1)?
-13
Let s(d) = 5*d**2 - 354*d - 5954. What is s(-14)?
-18
Let f(a) = 25245*a - 202022.